1?
25
Let g = -21978 - -22044. Calculate the remainder when 178 is divided by g.
46
Suppose 2937 = 24*r + 8361. What is the remainder when ((-26)/6 + 1)*7797/r is divided by 9?
7
Let z = -750 + 1095. What is the remainder when z is divided by 114?
3
Suppose 0 = -2*x - 2*x + 8. Suppose -x*h + 5 = l + 4, -3*l + 2*h = -11. Calculate the remainder when (363/1573)/(1/13) is divided by l.
0
Suppose 5 = -b - 3*f - 2, 61 = -5*b - 2*f. Let p = 31 + b. What is the remainder when p is divided by (-2)/(-12) + (-142)/(-12)?
6
Let i(p) = -238*p + 13093. What is the remainder when i(21) is divided by 90?
85
Suppose 1027 = y - s + 831, -2*y = 2*s - 368. What is the remainder when 3242 is divided by y?
12
Let d(g) = 8*g**2 + g + 25. Let y be d(8). Suppose -13*a + 131 = -y. What is the remainder when 205 is divided by a?
49
Let i = 233 + -233. Let q(x) = -5*x + 23. What is the remainder when q(i) is divided by 8?
7
Let w = 6 + 9. Let n be (-306)/w + (-4)/(-10). Let v = n - -47. What is the remainder when 45 is divided by v?
18
Let a = 3605 - 1022. What is the remainder when a is divided by 68?
67
Let y(z) = 2*z**2 + 78*z - 94. Let x be y(-40). What is the remainder when 2*42/(-12)*1286/x is divided by 38?
35
Let h(o) = -2*o**2 + 45*o + 1. What is the remainder when h(19) is divided by 15?
14
Let q = 180 + -178. Calculate the remainder when (q - (5 + -2))/((-5)/85) is divided by 5.
2
Let l be 4/6*(-14)/28*-51. Calculate the remainder when 89 is divided by 1*l - (16/8 - 4).
13
Let q = 256 + -164. Let m(t) = t**3 - 161*t**2 + 404*t + 11074. What is the remainder when q is divided by m(158)?
8
Let k = -274 - -280. Let x = -19 + 45. What is the remainder when x is divided by (-48)/((-36)/k) - -6?
12
Let k = 1620 + -898. Let o = 818 - k. What is the remainder when o is divided by 34?
28
Suppose -2*z = 6*n - 8*n - 186, 5*z + 3*n = 481. Suppose -3*r + 8*r = 235. Calculate the remainder when z is divided by r.
1
Calculate the remainder when (17 + (-65)/13)*116/16 is divided by 5 - (0/1 + -3).
7
Suppose 0 = -2*v - 0*v. Suppose v = -4*z + 21 - 1. Suppose -28*j - i = -30*j + 33, 3*j - 32 = -2*i. Calculate the remainder when j is divided by z.
4
Let w = 3163 + -3046. What is the remainder when w is divided by 42?
33
Suppose 30 = 2*r - 4*u, 5*r - 25 = -5*u + 35. Suppose 3*a - 2965*c + 2961*c = 91, -2*a = 5*c - 168. Calculate the remainder when a is divided by r.
10
Let o(w) = -w**2 - 52*w + 121. Calculate the remainder when 1377 is divided by o(-54).
12
Suppose -4*u - 5*y = 426, 4 = 3*y - 2. Let a = -95 - u. What is the remainder when 124 is divided by a?
12
Let a(s) = -10*s - 12. Let z be a(0). What is the remainder when 43 is divided by (-31 + -2)*(-3 + (-28)/z)?
21
Suppose -5*l - 3*p + 114 = 0, 1158*l - 1155*l - 2*p = 38. Let w be 0 + (2 + 0 - 2). Suppose w = -3*n + 2*n + 31. Calculate the remainder when n is divided by l.
13
Suppose 6*u - 66 + 234 = 0. Let z be 2 - 0 - u/(-1). Let s = z - -27. Calculate the remainder when 3 is divided by s.
0
Let x = -263 + 271. Calculate the remainder when (-40)/x + 596/2 is divided by 21.
20
Suppose -8246 = 15*p + 16*p. Let j = p - -281. Let v(f) = 4*f**2 + 7*f. Calculate the remainder when v(-6) is divided by j.
12
Let g(o) = -3*o - 27. Let a(u) = u**3 + 2*u**2 - 13. Let n be a(0). Calculate the remainder when 55 is divided by g(n).
7
Suppose o - f - 2 = 0, o + 2*f + 0*f - 11 = 0. Suppose -t + 51 = o*c - 44, c = -4*t. What is the remainder when 152 is divided by c?
12
Let h(b) = b**3 - b**2 - 9*b + 25. Let n be h(6). Suppose 0*r + 2*r - 5*m = 69, -2*m + n = 3*r. Calculate the remainder when r is divided by 12.
11
Let g = -17397 - -17410. What is the remainder when 50 + (-3)/(-6)*0 is divided by g?
11
Let x(z) = -20*z - 22. Let a = -353 + 351. Calculate the remainder when 104 is divided by x(a).
14
Suppose -14*v + 118368 - 3490 = -8350. Calculate the remainder when v is divided by 37.
33
Suppose 2*v - l = -588, 5*l - 572 = 9*v - 7*v. Let f = 409 + v. Calculate the remainder when f is divided by 30.
23
Let p(h) = 16*h**2 + 15*h - 14. Let m be p(1). Let x(n) = 9*n - 79. What is the remainder when 1035 is divided by x(m)?
73
Let f = 105 - 104. What is the remainder when 25 is divided by f/4 - (-308)/112?
1
Let m = 2277 + -2230. What is the remainder when 323 is divided by m?
41
Suppose -10*y = -7*y - 33. What is the remainder when 449 + 154/(21 - 28) is divided by y?
9
Suppose -92*q + 101*q = 18. Calculate the remainder when (-3)/3*(-17 + 7 + q) is divided by 2.
0
Let q(n) = n**2 + 2*n + 11. Let x be q(0). Suppose 53 = -x*d + 174. What is the remainder when ((-6)/(-9))/((-4)/(-582)) is divided by d?
9
Let p(m) = -66*m**3 - 1. Let l = 55 + -56. Let o be p(l). Let v = 83 - o. What is the remainder when 33 is divided by v?
15
Suppose 3*b - 248 = 3*w + 2*b, 0 = -2*w - 2*b - 152. Let s = w - -82. Calculate the remainder when 54 is divided by -1*s/(-6)*2*33.
10
Suppose -111 - 89 = -4*j. Let s = 17 + 50. Suppose -4*c + s - 15 = 0. What is the remainder when j is divided by c?
11
Let s = -349 + 343. Calculate the remainder when (7 - s)/((-2)/(-20)) is divided by 23.
15
Suppose 14796 = -45*s + 63*s. Let x = s + -749. What is the remainder when 144 is divided by x?
71
Let y(b) = -4*b - 3. Let r be y(3). Let a = 17 - r. Suppose 478359 = 532*h + 1999*h. Calculate the remainder when h is divided by a.
29
Let y = -1486 + 2846. Calculate the remainder when (y/(-30))/(8/(-12)) is divided by 6.
2
Suppose -533 + 7702 = 67*z. What is the remainder when 524 is divided by z?
96
Suppose -x - 165 = -z, -5*x + 0*x - 861 = 4*z. Let f = 278 + x. Let y(b) = 5*b**2 + 44*b - 163. Calculate the remainder when f is divided by y(3).
11
Suppose -9*u - 1297 + 16763 = 2*u. Calculate the remainder when u is divided by 361.
323
Let o(u) be the third derivative of -u**6/120 - 2*u**5/5 + 13*u**4/6 + 31*u**3/6 - 2*u**2 - 38*u. Calculate the remainder when 123 is divided by o(-26).
30
Suppose 97*z - 54432 = 41*z. What is the remainder when z is divided by 25?
22
Let m(q) = -q**3 + 6*q**2 - 3*q + 8. Let g be m(6). Let c be (-1560)/100*(3 + (-19)/3). Calculate the remainder when ((-15)/g*1)/(6/c) is divided by 2.
1
Let o = -4864 - -4894. Let a = 21 + -10. Calculate the remainder when o is divided by a.
8
Suppose 2*s + 19 = 3*n, -3*n = -4*n - 4*s - 17. Suppose -n*t + 4*o = t, -t + 5*o = 12. Calculate the remainder when t is divided by 5 + (-2 - -4) - 6.
0
Suppose -63 = -20*y + 21*y. Let b = y + 74. Calculate the remainder when 118 - (3 + -5 - -2) is divided by b.
8
Suppose -3*p + 2*u + 41 = 0, -3*u + 69 = 5*p - 6*u. Let m(c) = 2*c**3 - 121*c**2 - 59*c + 23. Calculate the remainder when m(61) is divided by p.
10
Suppose -27*v + 30*v + 33 = 0. Let a(i) = -12*i**2 + 3 + 5 - i**3 - 5*i - 6*i. Calculate the remainder when a(v) is divided by 2.
0
Suppose 2*w = 16 + 32. Calculate the remainder when 56715/(-38)*(-12)/195 - (-24)/156 is divided by w.
20
Suppose 65 = 23*i + 19. Suppose 0 = i*t - 162. What is the remainder when t is divided by 14?
11
Let f = -1118 + 1908. Suppose -106 = 12*a - f. What is the remainder when 225 is divided by a?
54
Let z(y) = y**3 + 57*y**2 + 163*y + 397. Calculate the remainder when z(-54) is divided by 13.
5
Let o = 21 - 0. Let s = o - -2. Let k = -74 - -83. What is the remainder when s is divided by k?
5
Suppose i + 2 = -y - 10, 4 = -i. Calculate the remainder when 14 is divided by 1/((-20)/y + -2)*2.
2
Let l(r) = -r**2 - 17*r + 89. Let a(z) be the third derivative of -z**4/4 + z**3/6 + 9*z**2. Calculate the remainder when a(-9) is divided by l(-20).
26
Let w = -4847 + 5149. Calculate the remainder when w is divided by 22.
16
Let c = 101 + -96. Suppose -3*f + 4*f + 1 = s, 2 = 2*f. Suppose -d = 0, s*r - 13 - 55 = 3*d. What is the remainder when r is divided by c?
4
Let j = -4526 + 4655. Calculate the remainder when 510 is divided by j.
123
Let x be (-3)/2*16/(-6). Let c = x - -12. What is the remainder when 19/(-1) - (-20)/50*145 is divided by c?
7
Calculate the remainder when 2*((-4521)/(-6) + 10 + -5) - 2 is divided by 37.
35
Suppose l = -r - 2*l + 326, 0 = 2*r - 4*l - 622. What is the remainder when r is divided by 29?
27
Suppose -797*o = -796*o - 906. Calculate the remainder when o is divided by 61.
52
Suppose 167*i + 166*i = 337*i - 784. Calculate t